365/35. Let s(t) = t - 2. Let k be s(4). Let g(d) = 2*d - k*d - 2*d. Calculate g(v).
-12
Suppose 2*w + 0*w = 24. Suppose -w = -3*l - 6. Let r(h) = -h + 5*h + 0 - l - 3*h. Calculate r(6).
4
Let i(p) = p - 6. Let v(n) = -18*n - 131. Let z be v(-39). Suppose 2*a - z = -565. Calculate i(a).
-3
Let d(o) = -7*o - 2*o**2 + 9*o - 1149 + 4*o**2 + 1146 + 8*o. What is d(-8)?
45
Let t be -1*(-80)/((-368)/23). Let n(p) = -p**2 - 2*p + 8. Determine n(t).
-7
Let k(c) = 9*c - 3. Let t(w) = -9*w + 1. Let n(r) = 6*k(r) + 5*t(r). Let o(x) = 5*x - 7. Let h(f) = 6*n(f) - 11*o(f). Determine h(5).
-6
Let i = -1 - -8. Suppose -4*s - 15 = -i*s. Let t(o) = 2*o**2 + 8*o - 6. Let x(j) = 3*j**2. Let z(y) = t(y) - x(y). Calculate z(s).
9
Let u(a) = -a**3 + 13*a**2 + 15*a - 10. Let c = -246 + 248. Let t be ((-30)/18 + c)*-3 + 15. Determine u(t).
4
Let u(f) = f - 447 - 459 + 3*f - 3*f + 896. Suppose -3*t = -5*s - t - 31, -2*t = -2*s - 10. Give u(s).
-17
Let z(c) = -106 + 5*c + 5*c + 102 + 4*c**2 - 2*c**2 - 4*c**2. Calculate z(4).
4
Let j(b) = 0 + 17*b + 30232*b**2 + 1 - 30238*b**2. What is j(2)?
11
Let f be 5*(-8)/100 + 217/5. Let t = f + -39. Let s(k) = 0*k + 5*k - k**2 - 2*k + k**3 - 5*k + t. What is s(3)?
16
Suppose 0 = -2*i - 7*b + 2*b + 21, 0 = 4*i - 2*b - 6. Let y(p) = -5 + i - p - 4 + 16. Give y(13).
-3
Let v = 296 + -300. Let f(g) = -7*g + 2. Let o(h) = 37*h - 15. Let s(u) = -6*f(u) - o(u). What is s(v)?
-17
Let g(v) = -2*v**2 - 48*v + 115. Let l be g(-26). Let a(u) = 3*u**2 - 36*u + 44. Determine a(l).
11
Let h(k) = k + 7. Let b(f) = 8*f + 9. Let c be b(4). Suppose -2*t = -5*s + c, 2*t - 4*s + 60 = -3*t. Give h(t).
-1
Let i = -4 + 6. Let f(y) be the second derivative of y**5/40 - y**4/8 + 91*y**3/6 - 108*y. Let w(g) be the second derivative of f(g). Determine w(i).
3
Let n be 21 - 21 - (3 + (-5 - -4)). Let j(g) = -g + 4. Calculate j(n).
6
Let d(j) = -4*j - 16. Let s be d(-6). Suppose 5*g + s = 63. Let v(h) = -3 + 0*h - 22*h + g*h. Calculate v(-2).
19
Let v(r) = r - 2. Let k = -6 - -10. Suppose 32 = -7*l + 15*l. Suppose l*q - k = -16. Determine v(q).
-5
Suppose 307 = 5*f + 2*y, 4*y - 91 + 422 = 5*f. Let s(r) = -58*r. Let z be s(-1). Let c = z - f. Let q(w) = w**2 + 4*w + 2. What is q(c)?
7
Let z(i) = -i**3 + 7*i**2 - 4*i - 6. Suppose 63*y + 24 = 61*y. Let n be y*(3/6 + -1). Determine z(n).
6
Suppose 0 = -4*o + t + 18, 2*o + 16 - 34 = 5*t. Let l(k) = -k**2 - k + 1. Let r(m) = -2 + m - 2 + 0 - m**3 + 2. Let z(i) = o*l(i) + r(i). What is z(-3)?
2
Let u(b) = 51*b**2 - 3*b - 22. Let z be u(7). Let i(v) = -2454*v + 1 + 2 + z*v. Calculate i(-5).
-7
Let b(l) be the second derivative of -5*l**4/12 + l**3/2 + 11*l**2/2 - 6049*l. Determine b(-4).
-81
Let m(x) = x**2 + 17*x - 14. Let d be m(-18). Let p be d/(16/(-3))*(-5 + -3). Let s(t) = 3*t - p - 4*t + 7. Determine s(-3).
4
Let o = 1930 - 1928. Let w(i) = -6*i - 3. What is w(o)?
-15
Let x be (3 + -1)*(25/10 - 1). Let o be -5 + x + (4 - 0). Let p(c) = -2 + c**o - c**3 - 1 - c + 3*c**2 - 2*c. Give p(3).
-3
Let c(t) = -t + 3. Let b be -1 + 6 - (-1 + 0). Let f = b - 19. Let p be f + 20 + -6 + 2. What is c(p)?
0
Let y(x) = -7*x**2 - 17*x - 2. Let z be (7 - (-1 + -8)) + -19. What is y(z)?
-14
Suppose -65 + 56 = 9*w. Let m(z) = -29*z - 1 - 11*z**2 - 2*z**2 + 27*z. Give m(w).
-12
Let c(h) be the second derivative of 1/6*h**3 - 7*h**2 - 5*h - 12. What is c(11)?
-3
Suppose -3*m - 2 = -m, 4*g - 2*m + 34 = 0. Let f(o) = 3*o - 7. Let h(l) = -13*l + 29. Let q(u) = g*f(u) - 2*h(u). Suppose 52 - 142 = -15*d. What is q(d)?
-1
Let n(a) be the second derivative of 3*a**5/20 + a**4/3 - 4*a**3/3 + 5*a**2/2 + 1277*a + 4. What is n(1)?
4
Suppose 6*a - 4*a = -16. Let p(i) = 7 + 2*i**2 + i**2 - 53*i - 4*i**2 + 46*i. Let x be p(a). Let l(d) = 8*d. Calculate l(x).
-8
Let q = 30 - 30. Let s(u) = u**3 + u**2 + u + 15. Let k be s(0). Let t(v) = 19*v + k - v**2 - 42*v + 22*v. Give t(q).
15
Let n be 6/(-12 - (-405)/36). Let b(l) = 44*l + 349. What is b(n)?
-3
Let s(f) = -174*f + 3131. Let b be s(18). Let y(w) = 3*w**2 + w**2 - 2*w + 1 - 2. Calculate y(b).
5
Let r be 12/(-18) + (69/9 - 1). Let t(o) = 8 - 4 + 3*o + 6*o - r*o. What is t(-7)?
-17
Let u(g) be the second derivative of -g**5/20 + g**4/2 + g**3/6 + g**2/2 - 209*g + 15. Suppose 5 = 5*b - 25. What is u(b)?
7
Let d(j) be the second derivative of 0 - 7*j**2 - 136*j - 1/6*j**3. Give d(-13).
-1
Let a(r) = 2 + 8*r + 5 - 3 - r**2. Suppose -123*n + 330 = -68*n. Give a(n).
16
Let z(t) = t + 15. Let i(s) = s + 16. Suppose 6*p - 2 = 4*p. Let m be -2 + -1 + p - -6. Let j(h) = m*z(h) - 3*i(h). Determine j(-7).
5
Let w(t) = -t. Let r be 3 - (-1 + -2 - -1). Suppose -s - 2 + 1 = -5*p, 3*s - r*p + 3 = 0. Let j(k) = -2*k - 1. Let z(u) = s*j(u) - 3*w(u). Calculate z(-3).
-14
Suppose -2*m + 28 = -0*m. Let t be -30*(-1 + 2/3). Let l = t - m. Let n(z) = -z**2 - 5*z - 6. What is n(l)?
-2
Let o = 476 - 474. Let g(n) = n**o - 387*n + 384*n + 0*n**2 - 3. Determine g(4).
1
Let h be 10/(-40) - (-132)/16. Suppose -i = -i - h*i. Let v(w) = -7*w**2 - 5*w - 2. Let q(x) = -13*x**2 - 9*x - 5. Let s(n) = 6*q(n) - 11*v(n). What is s(i)?
-8
Let l(a) = a**3 - 4*a**2 + 6*a - 6. Let s(o) = -2*o**3 - o**2 - 12*o + 4. Let d be s(0). Determine l(d).
18
Let j(d) = 2*d + 19. Let r = -231 - -257. Let q be 290/(-26) - r/(-169). Give j(q).
-3
Let z(n) be the second derivative of -n**5/60 - 3*n**4/8 - 7*n**3/6 - 25*n**2/2 - 3*n. Let v(r) be the first derivative of z(r). Give v(-7).
7
Let n = -9623 - -9629. Let s(c) be the first derivative of -c**4/4 + 7*c**3/3 - 5*c**2/2 + 4*c + 1. Calculate s(n).
10
Let b(i) = -39*i - 643. Let n(r) = -79*r - 1226. Let g(l) = -5*b(l) + 3*n(l). Give g(-11).
-1
Let v(k) = 132*k - 8. Suppose 84*c + 5 = -79*c + 158*c. What is v(c)?
-140
Suppose -l - 10 = 3*d, -5*l - 1250*d + 1253*d + 4 = 0. Let i(c) = 21*c**2 - 2*c + 1. Give i(l).
24
Let u(x) = 2*x - 3. Let h(p) = 1 - 2 - 3*p - 4*p + 8*p. Let f be (-12)/(-7) - 14/(-49). Let m(b) = f*h(b) - 2*u(b). Determine m(6).
-8
Let d = -74 + 74. Let r(q) = 3*q**2 + q - 25. Let i(z) = -2*z**2 - z - 2. Let y(j) = -i(j) - r(j). Calculate y(d).
27
Let v(b) be the first derivative of -2*b**2 + 8*b + 13. Let k be v(-3). Suppose -3*n = -7*w + 2*w - k, -4*w - 16 = 0. Let j(s) = -s**3 + s**2 - s. What is j(n)?
0
Let u(o) = -2*o**3 - 36*o**2 + 31*o - 36. Let s(i) = -i**3 - 18*i**2 + 15*i - 20. Let x(k) = -7*s(k) + 4*u(k). Give x(-19).
-4
Let p(x) = 46*x**2 - 96*x**2 + x - 28*x - 52 + 52*x**2. Calculate p(15).
-7
Let k(g) = g**3 + 24*g**2 - 9*g + 28. Let h(l) = 2*l**3 + 28*l**2 - 12*l + 26. Let m(c) = 2*h(c) - 3*k(c). Determine m(16).
16
Let z(a) = -19*a + 12*a - 38*a**2 + 31*a**2 - 6 + a**3. Let q = 33 - 5. Let g = 36 - q. Calculate z(g).
2
Let k(c) = c**2 + 1. Let x(o) = -2*o**2 - 5*o + 156. Let r(b) = -3*k(b) + x(b). Let q(y) be the first derivative of r(y). Determine q(-1).
5
Suppose -82*a - 936 = 15*a + 422. Let i(b) = -b**2 - 16*b - 11. What is i(a)?
17
Let l(r) be the second derivative of -r**6/720 + r**5/30 - 17*r**4/3 + 2*r. Let z(p) be the third derivative of l(p). Determine z(7).
-3
Let h(d) = -24*d - 18. Let m(x) = 13*x + 10. Let g(l) = -6*h(l) - 11*m(l). Calculate g(-4).
-6
Let n(v) = 4. Let q(o) = o**3 + 3*o**2 - 21*o - 22. Let d be q(-6). Let p(w) = w + 2. Let y(g) = d*p(g) + n(g). Give y(5).
-24
Let b(o) = 2*o**2 - 54*o + 80. Suppose 202 = -8*u + 402. What is b(u)?
-20
Let r = -5534 - -5546. Let h(l) = 2*l**2 - 18*l + 11. Determine h(r).
83
Let l(s) = 2*s**2 - 3*s**2 - 142 - 237 + 472 + 26*s. Give l(27).
66
Suppose 5*z - 234 = x - 203, 4*x - 26 = -5*z. Let r(g) = 2*g**2 - 6*g - 7. Calculate r(z).
29
Let v(j) = 9 + 9 - 21 - 23*j**2 + 3. Determine v(1).
-23
Let v(n) = -22*n**3 + 5*n**2 + 8*n - 12. Let g(z) = -15*z**3 + 5*z**2 + 8*z - 11. Let u(d) = 3*g(d) - 2*v(d). What is u(5)?
31
Let t be ((-32)/(-11))/(2648/7282). Let h(d) be the first derivative of -d**3/3 + 5*d**2 - 4*d - 1. What is h(t)?
12
Let b(w) = -2*w**2 + 9. Let s(m) = m**2 - 4. Let p = -75 - -77. Let k(f) = p*b(f) + 5*s(f). Calculate k(-4).
14
Let p(j) = -3 - 30*j**2 - 2*j**3 + j**3 - 8*j + 35*j**2 + 3*j**2. Let u(v) = -4*v**3 + 33*v**2 - 33*v - 14. Let l(o) = -9*p(o) + 2*u(o). What is l(4)?
-9
Let l(r) = -3*r - 1. Let h(v) = -v**2 - 3*v + 16. Let t be h(4). Let j be (8/6 + -2)/(t/306). Suppose j*b - 103 + 35 